{"id":175,"date":"2015-09-24T19:53:44","date_gmt":"2015-09-24T17:53:44","guid":{"rendered":"http:\/\/lenac-breil.ch\/?page_id=175"},"modified":"2024-03-01T14:23:00","modified_gmt":"2024-03-01T13:23:00","slug":"fenster","status":"publish","type":"page","link":"https:\/\/lenac-breil.ch\/?page_id=175","title":{"rendered":"Fenster"},"content":{"rendered":"\n<p>Fenster und T\u00fcren geh\u00f6ren zu den essenziellen Bestandteilen eines Hauses. Sie tragen dazu bei, das Raumklima zu verbessern, bringen nat\u00fcrliches Licht in die Innenr\u00e4ume und bieten Schutz vor unerw\u00fcnschten Eindringlingen. Neben ihrer funktionalen Rolle sollen Fenster auch \u00e4sthetisch ansprechend sein, um die R\u00e4umlichkeiten zu versch\u00f6nern und eine angenehme Atmosph\u00e4re zu schaffen. Unsere Aufgabe ist es, sicherzustellen, dass die Fenster nahtlos in das Gesamtbild Ihres Hauses passen, und dabei unterst\u00fctzen wir Sie gerne mit unserer breiten Produktpalette und Fachkenntnis. Als Partner von <a href=\"http:\/\/www.egokiefer.ch\" target=\"_blank\" data-type=\"URL\" data-id=\"www.egokiefer.ch\" rel=\"noreferrer noopener\">EgoKiefer<\/a> bieten wir Fenster von h\u00f6chster Qualit\u00e4t und innovativem Design an. Unser Angebot umfasst eine Vielzahl von Materialien, darunter Holz, Holz\/Aluminium, Kunststoff und Kunststoff\/Aluminium. Diese Materialien bieten nicht nur unterschiedliche \u00e4sthetische M\u00f6glichkeiten, sondern auch verschiedene Eigenschaften wie W\u00e4rmed\u00e4mmung, Langlebigkeit und Pflegeleichtigkeit. Entdecken Sie unser vielf\u00e4ltiges Sortiment an Fenstern und lassen Sie sich von unserem Fachwissen beraten. Gemeinsam mit Ihnen finden wir die ideale L\u00f6sung f\u00fcr Ihr Zuhause.<\/p>\n\n\n\n<div class=\"wp-block-columns is-layout-flex wp-container-core-columns-is-layout-9d6595d7 wp-block-columns-is-layout-flex\">\n<div class=\"wp-block-column is-layout-flow wp-block-column-is-layout-flow\"><div class=\"wp-block-image\">\n<figure class=\"alignleft size-large is-resized\"><a href=\"https:\/\/lenac-breil.ch\/wp-content\/uploads\/2024\/02\/Referenz_KS-weiss.jpg\" rel=\"noopener\"><img decoding=\"async\" src=\"https:\/\/lenac-breil.ch\/wp-content\/uploads\/2024\/02\/Referenz_KS-weiss-1024x724.jpg\" alt=\"\" class=\"wp-image-2046\" width=\"-141\" height=\"-98\" srcset=\"https:\/\/lenac-breil.ch\/wp-content\/uploads\/2024\/02\/Referenz_KS-weiss-1024x724.jpg 1024w, https:\/\/lenac-breil.ch\/wp-content\/uploads\/2024\/02\/Referenz_KS-weiss-300x212.jpg 300w, https:\/\/lenac-breil.ch\/wp-content\/uploads\/2024\/02\/Referenz_KS-weiss-768x543.jpg 768w, https:\/\/lenac-breil.ch\/wp-content\/uploads\/2024\/02\/Referenz_KS-weiss-424x300.jpg 424w, https:\/\/lenac-breil.ch\/wp-content\/uploads\/2024\/02\/Referenz_KS-weiss.jpg 1366w\" sizes=\"(max-width: 1024px) 100vw, 1024px\" \/><\/a><\/figure>\n<\/div><\/div>\n\n\n\n<div class=\"wp-block-column is-layout-flow wp-block-column-is-layout-flow\"><div class=\"wp-block-image\">\n<figure class=\"alignleft size-large is-resized\"><a href=\"https:\/\/lenac-breil.ch\/wp-content\/uploads\/2024\/02\/Referenz_HOLZALU.jpg\" rel=\"noopener\"><img decoding=\"async\" src=\"https:\/\/lenac-breil.ch\/wp-content\/uploads\/2024\/02\/Referenz_HOLZALU-1024x680.jpg\" alt=\"\" class=\"wp-image-2045\" width=\"-103\" height=\"-67\" srcset=\"https:\/\/lenac-breil.ch\/wp-content\/uploads\/2024\/02\/Referenz_HOLZALU-1024x680.jpg 1024w, https:\/\/lenac-breil.ch\/wp-content\/uploads\/2024\/02\/Referenz_HOLZALU-300x199.jpg 300w, https:\/\/lenac-breil.ch\/wp-content\/uploads\/2024\/02\/Referenz_HOLZALU-768x510.jpg 768w, https:\/\/lenac-breil.ch\/wp-content\/uploads\/2024\/02\/Referenz_HOLZALU-452x300.jpg 452w, https:\/\/lenac-breil.ch\/wp-content\/uploads\/2024\/02\/Referenz_HOLZALU.jpg 1366w\" sizes=\"(max-width: 1024px) 100vw, 1024px\" \/><\/a><\/figure>\n<\/div><\/div>\n<\/div>\n\n\n\n<div class=\"wp-block-columns is-layout-flex wp-container-core-columns-is-layout-9d6595d7 wp-block-columns-is-layout-flex\">\n<div class=\"wp-block-column is-layout-flow wp-block-column-is-layout-flow\"><div class=\"wp-block-image\">\n<figure class=\"alignleft size-large is-resized\"><a href=\"https:\/\/lenac-breil.ch\/wp-content\/uploads\/2024\/02\/Referenz_Holz-1.jpg\" rel=\"noopener\"><img loading=\"lazy\" decoding=\"async\" src=\"https:\/\/lenac-breil.ch\/wp-content\/uploads\/2024\/02\/Referenz_Holz-1-1024x681.jpg\" alt=\"\" class=\"wp-image-2044\" width=\"321\" height=\"216\"\/><\/a><\/figure>\n<\/div><\/div>\n\n\n\n<div class=\"wp-block-column is-layout-flow wp-block-column-is-layout-flow\"><div class=\"wp-block-image\">\n<figure class=\"alignleft size-large is-resized\"><a href=\"https:\/\/lenac-breil.ch\/wp-content\/uploads\/2024\/02\/Referenz_KS.jpg\" rel=\"noopener\"><img decoding=\"async\" src=\"https:\/\/lenac-breil.ch\/wp-content\/uploads\/2024\/02\/Referenz_KS-1024x684.jpg\" alt=\"\" class=\"wp-image-2047\" width=\"-129\" height=\"-84\" srcset=\"https:\/\/lenac-breil.ch\/wp-content\/uploads\/2024\/02\/Referenz_KS-1024x684.jpg 1024w, https:\/\/lenac-breil.ch\/wp-content\/uploads\/2024\/02\/Referenz_KS-300x201.jpg 300w, https:\/\/lenac-breil.ch\/wp-content\/uploads\/2024\/02\/Referenz_KS-768x513.jpg 768w, https:\/\/lenac-breil.ch\/wp-content\/uploads\/2024\/02\/Referenz_KS-449x300.jpg 449w, https:\/\/lenac-breil.ch\/wp-content\/uploads\/2024\/02\/Referenz_KS.jpg 1366w\" sizes=\"(max-width: 1024px) 100vw, 1024px\" \/><\/a><\/figure>\n<\/div><\/div>\n<\/div>\n","protected":false},"excerpt":{"rendered":"<p>Fenster und T\u00fcren geh\u00f6ren zu den essenziellen Bestandteilen eines Hauses. Sie tragen dazu bei, das Raumklima zu verbessern, bringen nat\u00fcrliches Licht in die Innenr\u00e4ume und bieten Schutz vor unerw\u00fcnschten Eindringlingen. Neben ihrer funktionalen Rolle sollen Fenster auch \u00e4sthetisch ansprechend sein, &hellip; <a href=\"https:\/\/lenac-breil.ch\/?page_id=175\">Weiterlesen <span class=\"meta-nav\">&rarr;<\/span><\/a><\/p>\n","protected":false},"author":1,"featured_media":0,"parent":0,"menu_order":6,"comment_status":"closed","ping_status":"closed","template":"","meta":{"footnotes":""},"class_list":["post-175","page","type-page","status-publish","hentry"],"_links":{"self":[{"href":"https:\/\/lenac-breil.ch\/index.php?rest_route=\/wp\/v2\/pages\/175","targetHints":{"allow":["GET"]}}],"collection":[{"href":"https:\/\/lenac-breil.ch\/index.php?rest_route=\/wp\/v2\/pages"}],"about":[{"href":"https:\/\/lenac-breil.ch\/index.php?rest_route=\/wp\/v2\/types\/page"}],"author":[{"embeddable":true,"href":"https:\/\/lenac-breil.ch\/index.php?rest_route=\/wp\/v2\/users\/1"}],"replies":[{"embeddable":true,"href":"https:\/\/lenac-breil.ch\/index.php?rest_route=%2Fwp%2Fv2%2Fcomments&post=175"}],"version-history":[{"count":10,"href":"https:\/\/lenac-breil.ch\/index.php?rest_route=\/wp\/v2\/pages\/175\/revisions"}],"predecessor-version":[{"id":2068,"href":"https:\/\/lenac-breil.ch\/index.php?rest_route=\/wp\/v2\/pages\/175\/revisions\/2068"}],"wp:attachment":[{"href":"https:\/\/lenac-breil.ch\/index.php?rest_route=%2Fwp%2Fv2%2Fmedia&parent=175"}],"curies":[{"name":"wp","href":"https:\/\/api.w.org\/{rel}","templated":true}]}}

<p>Fenster und Türen gehören zu den essenziellen Bestandteilen eines Hauses. Sie tragen dazu bei, das Raumklima zu verbessern, bringen natürliches Licht in die Innenräume und bieten Schutz vor unerwünschten Eindringlingen. Neben ihrer funktionalen Rolle sollen Fenster auch ästhetisch ansprechend sein, um die Räumlichkeiten zu verschönern und eine angenehme Atmosphäre zu schaffen. Unsere Aufgabe ist es, sicherzustellen, dass die Fenster nahtlos in das Gesamtbild Ihres Hauses passen, und dabei unterstützen wir Sie gerne mit unserer breiten Produktpalette und Fachkenntnis. Als Partner von <a href="http://www.egokiefer.ch" target="_blank" data-type="URL" data-id="www.egokiefer.ch" rel="noreferrer noopener">EgoKiefer</a> bieten wir Fenster von höchster Qualität und innovativem Design an. Unser Angebot umfasst eine Vielzahl von Materialien, darunter Holz, Holz/Aluminium, Kunststoff und Kunststoff/Aluminium. Diese Materialien bieten nicht nur unterschiedliche ästhetische Möglichkeiten, sondern auch verschiedene Eigenschaften wie Wärmedämmung, Langlebigkeit und Pflegeleichtigkeit. Entdecken Sie unser vielfältiges Sortiment an Fenstern und lassen Sie sich von unserem Fachwissen beraten. Gemeinsam mit Ihnen finden wir die ideale Lösung für Ihr Zuhause.</p>



<div class="wp-block-columns is-layout-flex wp-container-core-columns-is-layout-9d6595d7 wp-block-columns-is-layout-flex">
<div class="wp-block-column is-layout-flow wp-block-column-is-layout-flow"><div class="wp-block-image">
<figure class="alignleft size-large is-resized"><a href="https://lenac-breil.ch/wp-content/uploads/2024/02/Referenz_KS-weiss.jpg" rel="noopener"><img decoding="async" src="https://lenac-breil.ch/wp-content/uploads/2024/02/Referenz_KS-weiss-1024x724.jpg" alt="" class="wp-image-2046" width="-141" height="-98" srcset="https://lenac-breil.ch/wp-content/uploads/2024/02/Referenz_KS-weiss-1024x724.jpg 1024w, https://lenac-breil.ch/wp-content/uploads/2024/02/Referenz_KS-weiss-300x212.jpg 300w, https://lenac-breil.ch/wp-content/uploads/2024/02/Referenz_KS-weiss-768x543.jpg 768w, https://lenac-breil.ch/wp-content/uploads/2024/02/Referenz_KS-weiss-424x300.jpg 424w, https://lenac-breil.ch/wp-content/uploads/2024/02/Referenz_KS-weiss.jpg 1366w" sizes="(max-width: 1024px) 100vw, 1024px" /></a></figure>
</div></div>



<div class="wp-block-column is-layout-flow wp-block-column-is-layout-flow"><div class="wp-block-image">
<figure class="alignleft size-large is-resized"><a href="https://lenac-breil.ch/wp-content/uploads/2024/02/Referenz_HOLZALU.jpg" rel="noopener"><img decoding="async" src="https://lenac-breil.ch/wp-content/uploads/2024/02/Referenz_HOLZALU-1024x680.jpg" alt="" class="wp-image-2045" width="-103" height="-67" srcset="https://lenac-breil.ch/wp-content/uploads/2024/02/Referenz_HOLZALU-1024x680.jpg 1024w, https://lenac-breil.ch/wp-content/uploads/2024/02/Referenz_HOLZALU-300x199.jpg 300w, https://lenac-breil.ch/wp-content/uploads/2024/02/Referenz_HOLZALU-768x510.jpg 768w, https://lenac-breil.ch/wp-content/uploads/2024/02/Referenz_HOLZALU-452x300.jpg 452w, https://lenac-breil.ch/wp-content/uploads/2024/02/Referenz_HOLZALU.jpg 1366w" sizes="(max-width: 1024px) 100vw, 1024px" /></a></figure>
</div></div>
</div>



<div class="wp-block-columns is-layout-flex wp-container-core-columns-is-layout-9d6595d7 wp-block-columns-is-layout-flex">
<div class="wp-block-column is-layout-flow wp-block-column-is-layout-flow"><div class="wp-block-image">
<figure class="alignleft size-large is-resized"><a href="https://lenac-breil.ch/wp-content/uploads/2024/02/Referenz_Holz-1.jpg" rel="noopener"><img loading="lazy" decoding="async" src="https://lenac-breil.ch/wp-content/uploads/2024/02/Referenz_Holz-1-1024x681.jpg" alt="" class="wp-image-2044" width="321" height="216"/></a></figure>
</div></div>



<div class="wp-block-column is-layout-flow wp-block-column-is-layout-flow"><div class="wp-block-image">
<figure class="alignleft size-large is-resized"><a href="https://lenac-breil.ch/wp-content/uploads/2024/02/Referenz_KS.jpg" rel="noopener"><img decoding="async" src="https://lenac-breil.ch/wp-content/uploads/2024/02/Referenz_KS-1024x684.jpg" alt="" class="wp-image-2047" width="-129" height="-84" srcset="https://lenac-breil.ch/wp-content/uploads/2024/02/Referenz_KS-1024x684.jpg 1024w, https://lenac-breil.ch/wp-content/uploads/2024/02/Referenz_KS-300x201.jpg 300w, https://lenac-breil.ch/wp-content/uploads/2024/02/Referenz_KS-768x513.jpg 768w, https://lenac-breil.ch/wp-content/uploads/2024/02/Referenz_KS-449x300.jpg 449w, https://lenac-breil.ch/wp-content/uploads/2024/02/Referenz_KS.jpg 1366w" sizes="(max-width: 1024px) 100vw, 1024px" /></a></figure>
</div></div>
</div>

<p>Fenster und Türen gehören zu den essenziellen Bestandteilen eines Hauses. Sie tragen dazu bei, das Raumklima zu verbessern, bringen natürliches Licht in die Innenräume und bieten Schutz vor unerwünschten Eindringlingen. Neben ihrer funktionalen Rolle sollen Fenster auch ästhetisch ansprechend sein, &hellip; <a href="https://lenac-breil.ch/?page_id=175">Weiterlesen <span class="meta-nav">&rarr;</span></a></p>
