{"id":1980,"date":"2023-11-30T13:10:10","date_gmt":"2023-11-30T12:10:10","guid":{"rendered":"https:\/\/lenac-breil.ch\/?page_id=1980"},"modified":"2023-12-01T09:38:30","modified_gmt":"2023-12-01T08:38:30","slug":"umbau-ferienhaus-brigels","status":"publish","type":"page","link":"https:\/\/lenac-breil.ch\/?page_id=1980","title":{"rendered":"Umbau Ferienhaus Brigels"},"content":{"rendered":"\n<p>Bei diesem Umbau, durften wir die Schreinerarbeiten ausf\u00fchren.<\/p>\n\n\n\n<p>F\u00fcr alle M\u00f6bel wurden immer die gleichen Materialien verwendet.<\/p>\n\n\n\n<p>Diese Mischung aus Parkett, Eichenholz und der Farbe Weiss verleiht einen besonderen Character.<\/p>\n\n\n\n<p>Mit den Griffleisten aus Eichenholz wird alles abgerundet.<\/p>\n\n\n\n<p>F\u00fcr den Gro\u00dfen ausziehbaren Esstisch, wurde Schweizer Arvenholz verwendet.<\/p>\n\n\n\n<p>Unsere Leistungen: K\u00fcche, Badzimmerm\u00f6bel und Garderobe, allgemeine Schreinerarbeiten<\/p>\n\n\n\n<figure class=\"wp-block-gallery has-nested-images columns-default is-cropped wp-block-gallery-1 is-layout-flex wp-block-gallery-is-layout-flex\">\n<figure class=\"wp-block-image size-large\"><a href=\"https:\/\/lenac-breil.ch\/wp-content\/uploads\/2023\/11\/lenac-breil-baumgartner-1.jpg\"><img loading=\"lazy\" decoding=\"async\" width=\"1024\" height=\"819\" data-id=\"2006\" src=\"https:\/\/lenac-breil.ch\/wp-content\/uploads\/2023\/11\/lenac-breil-baumgartner-1-1024x819.jpg\" alt=\"\" class=\"wp-image-2006\" srcset=\"https:\/\/lenac-breil.ch\/wp-content\/uploads\/2023\/11\/lenac-breil-baumgartner-1-1024x819.jpg 1024w, https:\/\/lenac-breil.ch\/wp-content\/uploads\/2023\/11\/lenac-breil-baumgartner-1-300x240.jpg 300w, https:\/\/lenac-breil.ch\/wp-content\/uploads\/2023\/11\/lenac-breil-baumgartner-1-768x615.jpg 768w, https:\/\/lenac-breil.ch\/wp-content\/uploads\/2023\/11\/lenac-breil-baumgartner-1-375x300.jpg 375w, https:\/\/lenac-breil.ch\/wp-content\/uploads\/2023\/11\/lenac-breil-baumgartner-1.jpg 1366w\" sizes=\"auto, (max-width: 1024px) 100vw, 1024px\" \/><\/a><\/figure>\n\n\n\n<figure class=\"wp-block-image size-large\"><a href=\"https:\/\/lenac-breil.ch\/wp-content\/uploads\/2023\/11\/lenac-breil-baumgartner-2.jpg\"><img loading=\"lazy\" decoding=\"async\" width=\"1024\" height=\"819\" data-id=\"2007\" src=\"https:\/\/lenac-breil.ch\/wp-content\/uploads\/2023\/11\/lenac-breil-baumgartner-2-1024x819.jpg\" alt=\"\" class=\"wp-image-2007\" srcset=\"https:\/\/lenac-breil.ch\/wp-content\/uploads\/2023\/11\/lenac-breil-baumgartner-2-1024x819.jpg 1024w, https:\/\/lenac-breil.ch\/wp-content\/uploads\/2023\/11\/lenac-breil-baumgartner-2-300x240.jpg 300w, https:\/\/lenac-breil.ch\/wp-content\/uploads\/2023\/11\/lenac-breil-baumgartner-2-768x615.jpg 768w, https:\/\/lenac-breil.ch\/wp-content\/uploads\/2023\/11\/lenac-breil-baumgartner-2-375x300.jpg 375w, https:\/\/lenac-breil.ch\/wp-content\/uploads\/2023\/11\/lenac-breil-baumgartner-2.jpg 1366w\" sizes=\"auto, (max-width: 1024px) 100vw, 1024px\" \/><\/a><\/figure>\n\n\n\n<figure class=\"wp-block-image size-large\"><a href=\"https:\/\/lenac-breil.ch\/wp-content\/uploads\/2023\/11\/lenac-breil-baumgartner-5.jpg\"><img loading=\"lazy\" decoding=\"async\" width=\"819\" height=\"1024\" data-id=\"1999\" src=\"https:\/\/lenac-breil.ch\/wp-content\/uploads\/2023\/11\/lenac-breil-baumgartner-5-819x1024.jpg\" alt=\"\" class=\"wp-image-1999\" srcset=\"https:\/\/lenac-breil.ch\/wp-content\/uploads\/2023\/11\/lenac-breil-baumgartner-5-819x1024.jpg 819w, https:\/\/lenac-breil.ch\/wp-content\/uploads\/2023\/11\/lenac-breil-baumgartner-5-240x300.jpg 240w, https:\/\/lenac-breil.ch\/wp-content\/uploads\/2023\/11\/lenac-breil-baumgartner-5-768x960.jpg 768w, https:\/\/lenac-breil.ch\/wp-content\/uploads\/2023\/11\/lenac-breil-baumgartner-5.jpg 1093w\" sizes=\"auto, (max-width: 819px) 100vw, 819px\" \/><\/a><\/figure>\n\n\n\n<figure class=\"wp-block-image size-large\"><a href=\"https:\/\/lenac-breil.ch\/wp-content\/uploads\/2023\/11\/lenac-breil-baumgartner-3.jpg\"><img loading=\"lazy\" decoding=\"async\" width=\"819\" height=\"1024\" data-id=\"2008\" src=\"https:\/\/lenac-breil.ch\/wp-content\/uploads\/2023\/11\/lenac-breil-baumgartner-3-819x1024.jpg\" alt=\"\" class=\"wp-image-2008\" srcset=\"https:\/\/lenac-breil.ch\/wp-content\/uploads\/2023\/11\/lenac-breil-baumgartner-3-819x1024.jpg 819w, https:\/\/lenac-breil.ch\/wp-content\/uploads\/2023\/11\/lenac-breil-baumgartner-3-240x300.jpg 240w, https:\/\/lenac-breil.ch\/wp-content\/uploads\/2023\/11\/lenac-breil-baumgartner-3-768x960.jpg 768w, https:\/\/lenac-breil.ch\/wp-content\/uploads\/2023\/11\/lenac-breil-baumgartner-3.jpg 1093w\" sizes=\"auto, (max-width: 819px) 100vw, 819px\" \/><\/a><\/figure>\n\n\n\n<figure class=\"wp-block-image size-large\"><a href=\"https:\/\/lenac-breil.ch\/wp-content\/uploads\/2023\/11\/lenac-breil-baumgartner-11.jpg\"><img loading=\"lazy\" decoding=\"async\" width=\"819\" height=\"1024\" data-id=\"2005\" src=\"https:\/\/lenac-breil.ch\/wp-content\/uploads\/2023\/11\/lenac-breil-baumgartner-11-819x1024.jpg\" alt=\"\" class=\"wp-image-2005\" srcset=\"https:\/\/lenac-breil.ch\/wp-content\/uploads\/2023\/11\/lenac-breil-baumgartner-11-819x1024.jpg 819w, https:\/\/lenac-breil.ch\/wp-content\/uploads\/2023\/11\/lenac-breil-baumgartner-11-240x300.jpg 240w, https:\/\/lenac-breil.ch\/wp-content\/uploads\/2023\/11\/lenac-breil-baumgartner-11-768x960.jpg 768w, https:\/\/lenac-breil.ch\/wp-content\/uploads\/2023\/11\/lenac-breil-baumgartner-11.jpg 1093w\" sizes=\"auto, (max-width: 819px) 100vw, 819px\" \/><\/a><\/figure>\n\n\n\n<figure class=\"wp-block-image size-large\"><a href=\"https:\/\/lenac-breil.ch\/wp-content\/uploads\/2023\/11\/lenac-breil-baumgartner-10.jpg\"><img loading=\"lazy\" decoding=\"async\" width=\"819\" height=\"1024\" data-id=\"2004\" src=\"https:\/\/lenac-breil.ch\/wp-content\/uploads\/2023\/11\/lenac-breil-baumgartner-10-819x1024.jpg\" alt=\"\" class=\"wp-image-2004\" srcset=\"https:\/\/lenac-breil.ch\/wp-content\/uploads\/2023\/11\/lenac-breil-baumgartner-10-819x1024.jpg 819w, https:\/\/lenac-breil.ch\/wp-content\/uploads\/2023\/11\/lenac-breil-baumgartner-10-240x300.jpg 240w, https:\/\/lenac-breil.ch\/wp-content\/uploads\/2023\/11\/lenac-breil-baumgartner-10-768x960.jpg 768w, https:\/\/lenac-breil.ch\/wp-content\/uploads\/2023\/11\/lenac-breil-baumgartner-10.jpg 1093w\" sizes=\"auto, (max-width: 819px) 100vw, 819px\" \/><\/a><\/figure>\n\n\n\n<figure class=\"wp-block-image size-large\"><a href=\"https:\/\/lenac-breil.ch\/wp-content\/uploads\/2023\/11\/lenac-breil-baumgartner-9.jpg\"><img loading=\"lazy\" decoding=\"async\" width=\"819\" height=\"1024\" data-id=\"2003\" src=\"https:\/\/lenac-breil.ch\/wp-content\/uploads\/2023\/11\/lenac-breil-baumgartner-9-819x1024.jpg\" alt=\"\" class=\"wp-image-2003\" srcset=\"https:\/\/lenac-breil.ch\/wp-content\/uploads\/2023\/11\/lenac-breil-baumgartner-9-819x1024.jpg 819w, https:\/\/lenac-breil.ch\/wp-content\/uploads\/2023\/11\/lenac-breil-baumgartner-9-240x300.jpg 240w, https:\/\/lenac-breil.ch\/wp-content\/uploads\/2023\/11\/lenac-breil-baumgartner-9-768x960.jpg 768w, https:\/\/lenac-breil.ch\/wp-content\/uploads\/2023\/11\/lenac-breil-baumgartner-9.jpg 1093w\" sizes=\"auto, (max-width: 819px) 100vw, 819px\" \/><\/a><\/figure>\n\n\n\n<figure class=\"wp-block-image size-large\"><a href=\"https:\/\/lenac-breil.ch\/wp-content\/uploads\/2023\/11\/lenac-breil-baumgartner-7.jpg\"><img loading=\"lazy\" decoding=\"async\" width=\"819\" height=\"1024\" data-id=\"2001\" src=\"https:\/\/lenac-breil.ch\/wp-content\/uploads\/2023\/11\/lenac-breil-baumgartner-7-819x1024.jpg\" alt=\"\" class=\"wp-image-2001\" srcset=\"https:\/\/lenac-breil.ch\/wp-content\/uploads\/2023\/11\/lenac-breil-baumgartner-7-819x1024.jpg 819w, https:\/\/lenac-breil.ch\/wp-content\/uploads\/2023\/11\/lenac-breil-baumgartner-7-240x300.jpg 240w, https:\/\/lenac-breil.ch\/wp-content\/uploads\/2023\/11\/lenac-breil-baumgartner-7-768x960.jpg 768w, https:\/\/lenac-breil.ch\/wp-content\/uploads\/2023\/11\/lenac-breil-baumgartner-7.jpg 1093w\" sizes=\"auto, (max-width: 819px) 100vw, 819px\" \/><\/a><\/figure>\n\n\n\n<figure class=\"wp-block-image size-large\"><a href=\"https:\/\/lenac-breil.ch\/wp-content\/uploads\/2023\/11\/lenac-breil-baumgartner-8.jpg\"><img loading=\"lazy\" decoding=\"async\" width=\"819\" height=\"1024\" data-id=\"2002\" src=\"https:\/\/lenac-breil.ch\/wp-content\/uploads\/2023\/11\/lenac-breil-baumgartner-8-819x1024.jpg\" alt=\"\" class=\"wp-image-2002\" srcset=\"https:\/\/lenac-breil.ch\/wp-content\/uploads\/2023\/11\/lenac-breil-baumgartner-8-819x1024.jpg 819w, https:\/\/lenac-breil.ch\/wp-content\/uploads\/2023\/11\/lenac-breil-baumgartner-8-240x300.jpg 240w, https:\/\/lenac-breil.ch\/wp-content\/uploads\/2023\/11\/lenac-breil-baumgartner-8-768x960.jpg 768w, https:\/\/lenac-breil.ch\/wp-content\/uploads\/2023\/11\/lenac-breil-baumgartner-8.jpg 1093w\" sizes=\"auto, (max-width: 819px) 100vw, 819px\" \/><\/a><\/figure>\n\n\n\n<figure class=\"wp-block-image size-large\"><a href=\"https:\/\/lenac-breil.ch\/wp-content\/uploads\/2023\/11\/lenac-breil-baumgartner-6.jpg\"><img loading=\"lazy\" decoding=\"async\" width=\"1024\" height=\"819\" data-id=\"2000\" src=\"https:\/\/lenac-breil.ch\/wp-content\/uploads\/2023\/11\/lenac-breil-baumgartner-6-1024x819.jpg\" alt=\"\" class=\"wp-image-2000\" srcset=\"https:\/\/lenac-breil.ch\/wp-content\/uploads\/2023\/11\/lenac-breil-baumgartner-6-1024x819.jpg 1024w, https:\/\/lenac-breil.ch\/wp-content\/uploads\/2023\/11\/lenac-breil-baumgartner-6-300x240.jpg 300w, https:\/\/lenac-breil.ch\/wp-content\/uploads\/2023\/11\/lenac-breil-baumgartner-6-768x615.jpg 768w, https:\/\/lenac-breil.ch\/wp-content\/uploads\/2023\/11\/lenac-breil-baumgartner-6-375x300.jpg 375w, https:\/\/lenac-breil.ch\/wp-content\/uploads\/2023\/11\/lenac-breil-baumgartner-6.jpg 1366w\" sizes=\"auto, (max-width: 1024px) 100vw, 1024px\" \/><\/a><\/figure>\n<\/figure>\n","protected":false},"excerpt":{"rendered":"<p>Bei diesem Umbau, durften wir die Schreinerarbeiten ausf\u00fchren. F\u00fcr alle M\u00f6bel wurden immer die gleichen Materialien verwendet. Diese Mischung aus Parkett, Eichenholz und der Farbe Weiss verleiht einen besonderen Character. Mit den Griffleisten aus Eichenholz wird alles abgerundet. F\u00fcr den &hellip; <a href=\"https:\/\/lenac-breil.ch\/?page_id=1980\">Weiterlesen <span class=\"meta-nav\">&rarr;<\/span><\/a><\/p>\n","protected":false},"author":3,"featured_media":2006,"parent":1302,"menu_order":2,"comment_status":"closed","ping_status":"closed","template":"","meta":{"footnotes":""},"class_list":["post-1980","page","type-page","status-publish","has-post-thumbnail","hentry"],"_links":{"self":[{"href":"https:\/\/lenac-breil.ch\/index.php?rest_route=\/wp\/v2\/pages\/1980","targetHints":{"allow":["GET"]}}],"collection":[{"href":"https:\/\/lenac-breil.ch\/index.php?rest_route=\/wp\/v2\/pages"}],"about":[{"href":"https:\/\/lenac-breil.ch\/index.php?rest_route=\/wp\/v2\/types\/page"}],"author":[{"embeddable":true,"href":"https:\/\/lenac-breil.ch\/index.php?rest_route=\/wp\/v2\/users\/3"}],"replies":[{"embeddable":true,"href":"https:\/\/lenac-breil.ch\/index.php?rest_route=%2Fwp%2Fv2%2Fcomments&post=1980"}],"version-history":[{"count":6,"href":"https:\/\/lenac-breil.ch\/index.php?rest_route=\/wp\/v2\/pages\/1980\/revisions"}],"predecessor-version":[{"id":2014,"href":"https:\/\/lenac-breil.ch\/index.php?rest_route=\/wp\/v2\/pages\/1980\/revisions\/2014"}],"up":[{"embeddable":true,"href":"https:\/\/lenac-breil.ch\/index.php?rest_route=\/wp\/v2\/pages\/1302"}],"wp:featuredmedia":[{"embeddable":true,"href":"https:\/\/lenac-breil.ch\/index.php?rest_route=\/wp\/v2\/media\/2006"}],"wp:attachment":[{"href":"https:\/\/lenac-breil.ch\/index.php?rest_route=%2Fwp%2Fv2%2Fmedia&parent=1980"}],"curies":[{"name":"wp","href":"https:\/\/api.w.org\/{rel}","templated":true}]}}

<p>Bei diesem Umbau, durften wir die Schreinerarbeiten ausführen.</p>



<p>Für alle Möbel wurden immer die gleichen Materialien verwendet.</p>



<p>Diese Mischung aus Parkett, Eichenholz und der Farbe Weiss verleiht einen besonderen Character.</p>



<p>Mit den Griffleisten aus Eichenholz wird alles abgerundet.</p>



<p>Für den Großen ausziehbaren Esstisch, wurde Schweizer Arvenholz verwendet.</p>



<p>Unsere Leistungen: Küche, Badzimmermöbel und Garderobe, allgemeine Schreinerarbeiten</p>



<figure class="wp-block-gallery has-nested-images columns-default is-cropped wp-block-gallery-1 is-layout-flex wp-block-gallery-is-layout-flex">
<figure class="wp-block-image size-large"><a href="https://lenac-breil.ch/wp-content/uploads/2023/11/lenac-breil-baumgartner-1.jpg"><img loading="lazy" decoding="async" width="1024" height="819" data-id="2006" src="https://lenac-breil.ch/wp-content/uploads/2023/11/lenac-breil-baumgartner-1-1024x819.jpg" alt="" class="wp-image-2006" srcset="https://lenac-breil.ch/wp-content/uploads/2023/11/lenac-breil-baumgartner-1-1024x819.jpg 1024w, https://lenac-breil.ch/wp-content/uploads/2023/11/lenac-breil-baumgartner-1-300x240.jpg 300w, https://lenac-breil.ch/wp-content/uploads/2023/11/lenac-breil-baumgartner-1-768x615.jpg 768w, https://lenac-breil.ch/wp-content/uploads/2023/11/lenac-breil-baumgartner-1-375x300.jpg 375w, https://lenac-breil.ch/wp-content/uploads/2023/11/lenac-breil-baumgartner-1.jpg 1366w" sizes="auto, (max-width: 1024px) 100vw, 1024px" /></a></figure>



<figure class="wp-block-image size-large"><a href="https://lenac-breil.ch/wp-content/uploads/2023/11/lenac-breil-baumgartner-2.jpg"><img loading="lazy" decoding="async" width="1024" height="819" data-id="2007" src="https://lenac-breil.ch/wp-content/uploads/2023/11/lenac-breil-baumgartner-2-1024x819.jpg" alt="" class="wp-image-2007" srcset="https://lenac-breil.ch/wp-content/uploads/2023/11/lenac-breil-baumgartner-2-1024x819.jpg 1024w, https://lenac-breil.ch/wp-content/uploads/2023/11/lenac-breil-baumgartner-2-300x240.jpg 300w, https://lenac-breil.ch/wp-content/uploads/2023/11/lenac-breil-baumgartner-2-768x615.jpg 768w, https://lenac-breil.ch/wp-content/uploads/2023/11/lenac-breil-baumgartner-2-375x300.jpg 375w, https://lenac-breil.ch/wp-content/uploads/2023/11/lenac-breil-baumgartner-2.jpg 1366w" sizes="auto, (max-width: 1024px) 100vw, 1024px" /></a></figure>



<figure class="wp-block-image size-large"><a href="https://lenac-breil.ch/wp-content/uploads/2023/11/lenac-breil-baumgartner-5.jpg"><img loading="lazy" decoding="async" width="819" height="1024" data-id="1999" src="https://lenac-breil.ch/wp-content/uploads/2023/11/lenac-breil-baumgartner-5-819x1024.jpg" alt="" class="wp-image-1999" srcset="https://lenac-breil.ch/wp-content/uploads/2023/11/lenac-breil-baumgartner-5-819x1024.jpg 819w, https://lenac-breil.ch/wp-content/uploads/2023/11/lenac-breil-baumgartner-5-240x300.jpg 240w, https://lenac-breil.ch/wp-content/uploads/2023/11/lenac-breil-baumgartner-5-768x960.jpg 768w, https://lenac-breil.ch/wp-content/uploads/2023/11/lenac-breil-baumgartner-5.jpg 1093w" sizes="auto, (max-width: 819px) 100vw, 819px" /></a></figure>



<figure class="wp-block-image size-large"><a href="https://lenac-breil.ch/wp-content/uploads/2023/11/lenac-breil-baumgartner-3.jpg"><img loading="lazy" decoding="async" width="819" height="1024" data-id="2008" src="https://lenac-breil.ch/wp-content/uploads/2023/11/lenac-breil-baumgartner-3-819x1024.jpg" alt="" class="wp-image-2008" srcset="https://lenac-breil.ch/wp-content/uploads/2023/11/lenac-breil-baumgartner-3-819x1024.jpg 819w, https://lenac-breil.ch/wp-content/uploads/2023/11/lenac-breil-baumgartner-3-240x300.jpg 240w, https://lenac-breil.ch/wp-content/uploads/2023/11/lenac-breil-baumgartner-3-768x960.jpg 768w, https://lenac-breil.ch/wp-content/uploads/2023/11/lenac-breil-baumgartner-3.jpg 1093w" sizes="auto, (max-width: 819px) 100vw, 819px" /></a></figure>



<figure class="wp-block-image size-large"><a href="https://lenac-breil.ch/wp-content/uploads/2023/11/lenac-breil-baumgartner-11.jpg"><img loading="lazy" decoding="async" width="819" height="1024" data-id="2005" src="https://lenac-breil.ch/wp-content/uploads/2023/11/lenac-breil-baumgartner-11-819x1024.jpg" alt="" class="wp-image-2005" srcset="https://lenac-breil.ch/wp-content/uploads/2023/11/lenac-breil-baumgartner-11-819x1024.jpg 819w, https://lenac-breil.ch/wp-content/uploads/2023/11/lenac-breil-baumgartner-11-240x300.jpg 240w, https://lenac-breil.ch/wp-content/uploads/2023/11/lenac-breil-baumgartner-11-768x960.jpg 768w, https://lenac-breil.ch/wp-content/uploads/2023/11/lenac-breil-baumgartner-11.jpg 1093w" sizes="auto, (max-width: 819px) 100vw, 819px" /></a></figure>



<figure class="wp-block-image size-large"><a href="https://lenac-breil.ch/wp-content/uploads/2023/11/lenac-breil-baumgartner-10.jpg"><img loading="lazy" decoding="async" width="819" height="1024" data-id="2004" src="https://lenac-breil.ch/wp-content/uploads/2023/11/lenac-breil-baumgartner-10-819x1024.jpg" alt="" class="wp-image-2004" srcset="https://lenac-breil.ch/wp-content/uploads/2023/11/lenac-breil-baumgartner-10-819x1024.jpg 819w, https://lenac-breil.ch/wp-content/uploads/2023/11/lenac-breil-baumgartner-10-240x300.jpg 240w, https://lenac-breil.ch/wp-content/uploads/2023/11/lenac-breil-baumgartner-10-768x960.jpg 768w, https://lenac-breil.ch/wp-content/uploads/2023/11/lenac-breil-baumgartner-10.jpg 1093w" sizes="auto, (max-width: 819px) 100vw, 819px" /></a></figure>



<figure class="wp-block-image size-large"><a href="https://lenac-breil.ch/wp-content/uploads/2023/11/lenac-breil-baumgartner-9.jpg"><img loading="lazy" decoding="async" width="819" height="1024" data-id="2003" src="https://lenac-breil.ch/wp-content/uploads/2023/11/lenac-breil-baumgartner-9-819x1024.jpg" alt="" class="wp-image-2003" srcset="https://lenac-breil.ch/wp-content/uploads/2023/11/lenac-breil-baumgartner-9-819x1024.jpg 819w, https://lenac-breil.ch/wp-content/uploads/2023/11/lenac-breil-baumgartner-9-240x300.jpg 240w, https://lenac-breil.ch/wp-content/uploads/2023/11/lenac-breil-baumgartner-9-768x960.jpg 768w, https://lenac-breil.ch/wp-content/uploads/2023/11/lenac-breil-baumgartner-9.jpg 1093w" sizes="auto, (max-width: 819px) 100vw, 819px" /></a></figure>



<figure class="wp-block-image size-large"><a href="https://lenac-breil.ch/wp-content/uploads/2023/11/lenac-breil-baumgartner-7.jpg"><img loading="lazy" decoding="async" width="819" height="1024" data-id="2001" src="https://lenac-breil.ch/wp-content/uploads/2023/11/lenac-breil-baumgartner-7-819x1024.jpg" alt="" class="wp-image-2001" srcset="https://lenac-breil.ch/wp-content/uploads/2023/11/lenac-breil-baumgartner-7-819x1024.jpg 819w, https://lenac-breil.ch/wp-content/uploads/2023/11/lenac-breil-baumgartner-7-240x300.jpg 240w, https://lenac-breil.ch/wp-content/uploads/2023/11/lenac-breil-baumgartner-7-768x960.jpg 768w, https://lenac-breil.ch/wp-content/uploads/2023/11/lenac-breil-baumgartner-7.jpg 1093w" sizes="auto, (max-width: 819px) 100vw, 819px" /></a></figure>



<figure class="wp-block-image size-large"><a href="https://lenac-breil.ch/wp-content/uploads/2023/11/lenac-breil-baumgartner-8.jpg"><img loading="lazy" decoding="async" width="819" height="1024" data-id="2002" src="https://lenac-breil.ch/wp-content/uploads/2023/11/lenac-breil-baumgartner-8-819x1024.jpg" alt="" class="wp-image-2002" srcset="https://lenac-breil.ch/wp-content/uploads/2023/11/lenac-breil-baumgartner-8-819x1024.jpg 819w, https://lenac-breil.ch/wp-content/uploads/2023/11/lenac-breil-baumgartner-8-240x300.jpg 240w, https://lenac-breil.ch/wp-content/uploads/2023/11/lenac-breil-baumgartner-8-768x960.jpg 768w, https://lenac-breil.ch/wp-content/uploads/2023/11/lenac-breil-baumgartner-8.jpg 1093w" sizes="auto, (max-width: 819px) 100vw, 819px" /></a></figure>



<figure class="wp-block-image size-large"><a href="https://lenac-breil.ch/wp-content/uploads/2023/11/lenac-breil-baumgartner-6.jpg"><img loading="lazy" decoding="async" width="1024" height="819" data-id="2000" src="https://lenac-breil.ch/wp-content/uploads/2023/11/lenac-breil-baumgartner-6-1024x819.jpg" alt="" class="wp-image-2000" srcset="https://lenac-breil.ch/wp-content/uploads/2023/11/lenac-breil-baumgartner-6-1024x819.jpg 1024w, https://lenac-breil.ch/wp-content/uploads/2023/11/lenac-breil-baumgartner-6-300x240.jpg 300w, https://lenac-breil.ch/wp-content/uploads/2023/11/lenac-breil-baumgartner-6-768x615.jpg 768w, https://lenac-breil.ch/wp-content/uploads/2023/11/lenac-breil-baumgartner-6-375x300.jpg 375w, https://lenac-breil.ch/wp-content/uploads/2023/11/lenac-breil-baumgartner-6.jpg 1366w" sizes="auto, (max-width: 1024px) 100vw, 1024px" /></a></figure>
</figure>

<p>Bei diesem Umbau, durften wir die Schreinerarbeiten ausführen. Für alle Möbel wurden immer die gleichen Materialien verwendet. Diese Mischung aus Parkett, Eichenholz und der Farbe Weiss verleiht einen besonderen Character. Mit den Griffleisten aus Eichenholz wird alles abgerundet. Für den &hellip; <a href="https://lenac-breil.ch/?page_id=1980">Weiterlesen <span class="meta-nav">&rarr;</span></a></p>
