{"id":2172,"date":"2024-12-20T11:20:12","date_gmt":"2024-12-20T10:20:12","guid":{"rendered":"https:\/\/lenac-breil.ch\/?page_id=2172"},"modified":"2024-12-20T11:20:13","modified_gmt":"2024-12-20T10:20:13","slug":"efh-cavegn-brigels","status":"publish","type":"page","link":"https:\/\/lenac-breil.ch\/?page_id=2172","title":{"rendered":"EFH Cavegn, Brigels"},"content":{"rendered":"\n<p>Dieser EFH mit der sch\u00f6nen Holzfassade durften wir im Jahr 2023 realisieren Die Aussenschalung sowie die Dachkonstruktion wurden in Fichtenholz ausgef\u00fchrt. Im Innenbereich wurden die Holzarten, Fichte und Eiche verwendet.<br>Der Innenbereich mit den Eichent\u00fcren und der sichtbaren Dachkonstruktion laden zu gem\u00fctlichen Stunden ein, hier f\u00fchl man sich wohl.<br>Unsere Leistungen:<br>Holzbauarbeiten, Holzfassade<br>Fenster und T\u00fcren.<\/p>\n\n\n\n<figure class=\"wp-block-gallery has-nested-images columns-3 is-cropped wp-block-gallery-1 is-layout-flex wp-block-gallery-is-layout-flex\">\n<figure class=\"wp-block-image size-large\"><img loading=\"lazy\" decoding=\"async\" width=\"684\" height=\"1024\" data-id=\"2075\" src=\"https:\/\/lenac-breil.ch\/wp-content\/uploads\/2024\/12\/1-684x1024.jpg\" alt=\"\" class=\"wp-image-2075\" srcset=\"https:\/\/lenac-breil.ch\/wp-content\/uploads\/2024\/12\/1-684x1024.jpg 684w, https:\/\/lenac-breil.ch\/wp-content\/uploads\/2024\/12\/1-200x300.jpg 200w, https:\/\/lenac-breil.ch\/wp-content\/uploads\/2024\/12\/1-768x1150.jpg 768w, https:\/\/lenac-breil.ch\/wp-content\/uploads\/2024\/12\/1.jpg 855w\" sizes=\"auto, (max-width: 684px) 100vw, 684px\" \/><\/figure>\n\n\n\n<figure class=\"wp-block-image size-large\"><img loading=\"lazy\" decoding=\"async\" width=\"1024\" height=\"684\" data-id=\"2076\" src=\"https:\/\/lenac-breil.ch\/wp-content\/uploads\/2024\/12\/2-1024x684.jpg\" alt=\"\" class=\"wp-image-2076\" srcset=\"https:\/\/lenac-breil.ch\/wp-content\/uploads\/2024\/12\/2-1024x684.jpg 1024w, https:\/\/lenac-breil.ch\/wp-content\/uploads\/2024\/12\/2-300x200.jpg 300w, https:\/\/lenac-breil.ch\/wp-content\/uploads\/2024\/12\/2-768x513.jpg 768w, https:\/\/lenac-breil.ch\/wp-content\/uploads\/2024\/12\/2-449x300.jpg 449w, https:\/\/lenac-breil.ch\/wp-content\/uploads\/2024\/12\/2.jpg 1280w\" sizes=\"auto, (max-width: 1024px) 100vw, 1024px\" \/><\/figure>\n\n\n\n<figure class=\"wp-block-image size-large\"><img loading=\"lazy\" decoding=\"async\" width=\"1280\" height=\"854\" data-id=\"2077\" src=\"https:\/\/lenac-breil.ch\/wp-content\/uploads\/2024\/12\/3-1024x683.jpg\" alt=\"\" class=\"wp-image-2077\" srcset=\"https:\/\/lenac-breil.ch\/wp-content\/uploads\/2024\/12\/3-1024x683.jpg 1024w, https:\/\/lenac-breil.ch\/wp-content\/uploads\/2024\/12\/3-300x200.jpg 300w, https:\/\/lenac-breil.ch\/wp-content\/uploads\/2024\/12\/3-768x512.jpg 768w, https:\/\/lenac-breil.ch\/wp-content\/uploads\/2024\/12\/3-450x300.jpg 450w, https:\/\/lenac-breil.ch\/wp-content\/uploads\/2024\/12\/3.jpg 1280w\" sizes=\"auto, (max-width: 1280px) 100vw, 1280px\" \/><\/figure>\n\n\n\n<figure class=\"wp-block-image size-large\"><img loading=\"lazy\" decoding=\"async\" width=\"855\" height=\"1280\" data-id=\"2078\" src=\"https:\/\/lenac-breil.ch\/wp-content\/uploads\/2024\/12\/4-684x1024.jpg\" alt=\"\" class=\"wp-image-2078\" srcset=\"https:\/\/lenac-breil.ch\/wp-content\/uploads\/2024\/12\/4-684x1024.jpg 684w, https:\/\/lenac-breil.ch\/wp-content\/uploads\/2024\/12\/4-200x300.jpg 200w, https:\/\/lenac-breil.ch\/wp-content\/uploads\/2024\/12\/4-768x1150.jpg 768w, https:\/\/lenac-breil.ch\/wp-content\/uploads\/2024\/12\/4.jpg 855w\" sizes=\"auto, (max-width: 855px) 100vw, 855px\" \/><\/figure>\n\n\n\n<figure class=\"wp-block-image size-large\"><img loading=\"lazy\" decoding=\"async\" width=\"1024\" height=\"683\" data-id=\"2079\" src=\"https:\/\/lenac-breil.ch\/wp-content\/uploads\/2024\/12\/5-1024x683.jpg\" alt=\"\" class=\"wp-image-2079\" srcset=\"https:\/\/lenac-breil.ch\/wp-content\/uploads\/2024\/12\/5-1024x683.jpg 1024w, https:\/\/lenac-breil.ch\/wp-content\/uploads\/2024\/12\/5-300x200.jpg 300w, https:\/\/lenac-breil.ch\/wp-content\/uploads\/2024\/12\/5-768x512.jpg 768w, https:\/\/lenac-breil.ch\/wp-content\/uploads\/2024\/12\/5-450x300.jpg 450w, https:\/\/lenac-breil.ch\/wp-content\/uploads\/2024\/12\/5.jpg 1280w\" sizes=\"auto, (max-width: 1024px) 100vw, 1024px\" \/><\/figure>\n<\/figure>\n","protected":false},"excerpt":{"rendered":"<p>Dieser EFH mit der sch\u00f6nen Holzfassade durften wir im Jahr 2023 realisieren Die Aussenschalung sowie die Dachkonstruktion wurden in Fichtenholz ausgef\u00fchrt. Im Innenbereich wurden die Holzarten, Fichte und Eiche verwendet.Der Innenbereich mit den Eichent\u00fcren und der sichtbaren Dachkonstruktion laden zu &hellip; <a href=\"https:\/\/lenac-breil.ch\/?page_id=2172\">Weiterlesen <span class=\"meta-nav\">&rarr;<\/span><\/a><\/p>\n","protected":false},"author":3,"featured_media":1713,"parent":1302,"menu_order":1,"comment_status":"closed","ping_status":"closed","template":"","meta":{"footnotes":""},"class_list":["post-2172","page","type-page","status-publish","has-post-thumbnail","hentry"],"_links":{"self":[{"href":"https:\/\/lenac-breil.ch\/index.php?rest_route=\/wp\/v2\/pages\/2172","targetHints":{"allow":["GET"]}}],"collection":[{"href":"https:\/\/lenac-breil.ch\/index.php?rest_route=\/wp\/v2\/pages"}],"about":[{"href":"https:\/\/lenac-breil.ch\/index.php?rest_route=\/wp\/v2\/types\/page"}],"author":[{"embeddable":true,"href":"https:\/\/lenac-breil.ch\/index.php?rest_route=\/wp\/v2\/users\/3"}],"replies":[{"embeddable":true,"href":"https:\/\/lenac-breil.ch\/index.php?rest_route=%2Fwp%2Fv2%2Fcomments&post=2172"}],"version-history":[{"count":1,"href":"https:\/\/lenac-breil.ch\/index.php?rest_route=\/wp\/v2\/pages\/2172\/revisions"}],"predecessor-version":[{"id":2173,"href":"https:\/\/lenac-breil.ch\/index.php?rest_route=\/wp\/v2\/pages\/2172\/revisions\/2173"}],"up":[{"embeddable":true,"href":"https:\/\/lenac-breil.ch\/index.php?rest_route=\/wp\/v2\/pages\/1302"}],"wp:featuredmedia":[{"embeddable":true,"href":"https:\/\/lenac-breil.ch\/index.php?rest_route=\/wp\/v2\/media\/1713"}],"wp:attachment":[{"href":"https:\/\/lenac-breil.ch\/index.php?rest_route=%2Fwp%2Fv2%2Fmedia&parent=2172"}],"curies":[{"name":"wp","href":"https:\/\/api.w.org\/{rel}","templated":true}]}}