{"id":2216,"date":"2025-04-01T14:43:03","date_gmt":"2025-04-01T12:43:03","guid":{"rendered":"https:\/\/lenac-breil.ch\/?page_id=2216"},"modified":"2025-04-01T14:43:05","modified_gmt":"2025-04-01T12:43:05","slug":"mfh-casa-cuolmet-brigels","status":"publish","type":"page","link":"https:\/\/lenac-breil.ch\/?page_id=2216","title":{"rendered":"MFH, Casa Cuolmet Brigels"},"content":{"rendered":"\n<p>Dieser MFH in Chalet Stil durften wir im Jahr 2023\/2024 umbauen und vergr\u00f6ssern.<br>Die Aussenschalung sowie die Dachkonstruktion wurden in Fichtenholz ausgef\u00fchrt.<br>Zudem wurde das ganze Holz im Aussenbereich eingebrannt, Im Innenbereich wurden die Holzarten, Fichte und Eiche verwendet.<br>F\u00fcr die Wandverkleidung in den Nasszellen wurden HPL-Platten verwendet<br>Etwas wohl Einzigartiges ist die verbaute K\u00fcche mit integrierten Pizza Ofen.<br>Das ganze Haus wurde mit Einbaum\u00f6bel ausgestatten, so konnte der Platz optimal ausgenutzt werden.<\/p>\n\n\n\n<p><strong>Unsere Leistungen:<\/strong> Planung, Holzbauarbeiten, Fenster, Innenausbau, M\u00f6bel und T\u00fcren, K\u00fcchenbau, Holzboden<\/p>\n\n\n<div class=\"wp-block-image\">\n<figure class=\"aligncenter size-large\"><a href=\"https:\/\/lenac-breil.ch\/wp-content\/uploads\/2025\/04\/Badewanne.jpg\"><img loading=\"lazy\" decoding=\"async\" width=\"768\" height=\"1024\" src=\"https:\/\/lenac-breil.ch\/wp-content\/uploads\/2025\/04\/Badewanne-768x1024.jpg\" alt=\"\" class=\"wp-image-2217\" srcset=\"https:\/\/lenac-breil.ch\/wp-content\/uploads\/2025\/04\/Badewanne-768x1024.jpg 768w, https:\/\/lenac-breil.ch\/wp-content\/uploads\/2025\/04\/Badewanne-225x300.jpg 225w, https:\/\/lenac-breil.ch\/wp-content\/uploads\/2025\/04\/Badewanne-1152x1536.jpg 1152w, https:\/\/lenac-breil.ch\/wp-content\/uploads\/2025\/04\/Badewanne.jpg 1536w\" sizes=\"auto, (max-width: 768px) 100vw, 768px\" \/><\/a><\/figure>\n<\/div>\n\n\n<div class=\"wp-block-cover aligncenter is-light\"><span aria-hidden=\"true\" class=\"wp-block-cover__background has-background-dim\" style=\"background-color:#8f8475\"><\/span><img loading=\"lazy\" decoding=\"async\" width=\"1536\" height=\"2048\" class=\"wp-block-cover__image-background wp-image-2218\" alt=\"\" src=\"https:\/\/lenac-breil.ch\/wp-content\/uploads\/2025\/04\/Badzimmermoebel.jpg\" data-object-fit=\"cover\" srcset=\"https:\/\/lenac-breil.ch\/wp-content\/uploads\/2025\/04\/Badzimmermoebel.jpg 1536w, https:\/\/lenac-breil.ch\/wp-content\/uploads\/2025\/04\/Badzimmermoebel-225x300.jpg 225w, https:\/\/lenac-breil.ch\/wp-content\/uploads\/2025\/04\/Badzimmermoebel-768x1024.jpg 768w, https:\/\/lenac-breil.ch\/wp-content\/uploads\/2025\/04\/Badzimmermoebel-1152x1536.jpg 1152w\" sizes=\"auto, (max-width: 1536px) 100vw, 1536px\" \/><div class=\"wp-block-cover__inner-container is-layout-flow wp-block-cover-is-layout-flow\">\n<p><\/p>\n<\/div><\/div>\n\n\n<div class=\"wp-block-image\">\n<figure class=\"aligncenter size-large\"><a href=\"https:\/\/lenac-breil.ch\/wp-content\/uploads\/2025\/04\/Detail-1.jpg\"><img loading=\"lazy\" decoding=\"async\" width=\"768\" height=\"1024\" src=\"https:\/\/lenac-breil.ch\/wp-content\/uploads\/2025\/04\/Detail-1-768x1024.jpg\" alt=\"\" class=\"wp-image-2219\" srcset=\"https:\/\/lenac-breil.ch\/wp-content\/uploads\/2025\/04\/Detail-1-768x1024.jpg 768w, https:\/\/lenac-breil.ch\/wp-content\/uploads\/2025\/04\/Detail-1-225x300.jpg 225w, https:\/\/lenac-breil.ch\/wp-content\/uploads\/2025\/04\/Detail-1-1152x1536.jpg 1152w, https:\/\/lenac-breil.ch\/wp-content\/uploads\/2025\/04\/Detail-1.jpg 1200w\" sizes=\"auto, (max-width: 768px) 100vw, 768px\" \/><\/a><\/figure>\n<\/div>\n\n<div class=\"wp-block-image\">\n<figure class=\"aligncenter size-large\"><a href=\"https:\/\/lenac-breil.ch\/wp-content\/uploads\/2025\/04\/Dusche.jpg\"><img loading=\"lazy\" decoding=\"async\" width=\"768\" height=\"1024\" src=\"https:\/\/lenac-breil.ch\/wp-content\/uploads\/2025\/04\/Dusche-768x1024.jpg\" alt=\"\" class=\"wp-image-2220\" srcset=\"https:\/\/lenac-breil.ch\/wp-content\/uploads\/2025\/04\/Dusche-768x1024.jpg 768w, https:\/\/lenac-breil.ch\/wp-content\/uploads\/2025\/04\/Dusche-225x300.jpg 225w, https:\/\/lenac-breil.ch\/wp-content\/uploads\/2025\/04\/Dusche-1152x1536.jpg 1152w, https:\/\/lenac-breil.ch\/wp-content\/uploads\/2025\/04\/Dusche.jpg 1536w\" sizes=\"auto, (max-width: 768px) 100vw, 768px\" \/><\/a><\/figure>\n<\/div>\n\n<div class=\"wp-block-image\">\n<figure class=\"aligncenter size-large\"><a href=\"https:\/\/lenac-breil.ch\/wp-content\/uploads\/2025\/04\/Garderobe-1.jpg\"><img loading=\"lazy\" decoding=\"async\" width=\"768\" height=\"1024\" src=\"https:\/\/lenac-breil.ch\/wp-content\/uploads\/2025\/04\/Garderobe-1-768x1024.jpg\" alt=\"\" class=\"wp-image-2221\" srcset=\"https:\/\/lenac-breil.ch\/wp-content\/uploads\/2025\/04\/Garderobe-1-768x1024.jpg 768w, https:\/\/lenac-breil.ch\/wp-content\/uploads\/2025\/04\/Garderobe-1-225x300.jpg 225w, https:\/\/lenac-breil.ch\/wp-content\/uploads\/2025\/04\/Garderobe-1-1152x1536.jpg 1152w, https:\/\/lenac-breil.ch\/wp-content\/uploads\/2025\/04\/Garderobe-1.jpg 1200w\" sizes=\"auto, (max-width: 768px) 100vw, 768px\" \/><\/a><\/figure>\n<\/div>\n\n<div class=\"wp-block-image\">\n<figure class=\"aligncenter size-large\"><a href=\"https:\/\/lenac-breil.ch\/wp-content\/uploads\/2025\/04\/Garderobe.jpg\"><img loading=\"lazy\" decoding=\"async\" width=\"768\" height=\"1024\" src=\"https:\/\/lenac-breil.ch\/wp-content\/uploads\/2025\/04\/Garderobe-768x1024.jpg\" alt=\"\" class=\"wp-image-2222\" srcset=\"https:\/\/lenac-breil.ch\/wp-content\/uploads\/2025\/04\/Garderobe-768x1024.jpg 768w, https:\/\/lenac-breil.ch\/wp-content\/uploads\/2025\/04\/Garderobe-225x300.jpg 225w, https:\/\/lenac-breil.ch\/wp-content\/uploads\/2025\/04\/Garderobe-1152x1536.jpg 1152w, https:\/\/lenac-breil.ch\/wp-content\/uploads\/2025\/04\/Garderobe.jpg 1200w\" sizes=\"auto, (max-width: 768px) 100vw, 768px\" \/><\/a><\/figure>\n<\/div>\n\n<div class=\"wp-block-image\">\n<figure class=\"aligncenter size-large\"><a href=\"https:\/\/lenac-breil.ch\/wp-content\/uploads\/2025\/04\/Kueche-1.jpg\"><img loading=\"lazy\" decoding=\"async\" width=\"768\" height=\"1024\" src=\"https:\/\/lenac-breil.ch\/wp-content\/uploads\/2025\/04\/Kueche-1-768x1024.jpg\" alt=\"\" class=\"wp-image-2223\" srcset=\"https:\/\/lenac-breil.ch\/wp-content\/uploads\/2025\/04\/Kueche-1-768x1024.jpg 768w, https:\/\/lenac-breil.ch\/wp-content\/uploads\/2025\/04\/Kueche-1-225x300.jpg 225w, https:\/\/lenac-breil.ch\/wp-content\/uploads\/2025\/04\/Kueche-1-1152x1536.jpg 1152w, https:\/\/lenac-breil.ch\/wp-content\/uploads\/2025\/04\/Kueche-1.jpg 1200w\" sizes=\"auto, (max-width: 768px) 100vw, 768px\" \/><\/a><\/figure>\n<\/div>\n\n<div class=\"wp-block-image\">\n<figure class=\"aligncenter size-large\"><a href=\"https:\/\/lenac-breil.ch\/wp-content\/uploads\/2025\/04\/Kueche-2.jpg\"><img loading=\"lazy\" decoding=\"async\" width=\"768\" height=\"1024\" src=\"https:\/\/lenac-breil.ch\/wp-content\/uploads\/2025\/04\/Kueche-2-768x1024.jpg\" alt=\"\" class=\"wp-image-2224\" srcset=\"https:\/\/lenac-breil.ch\/wp-content\/uploads\/2025\/04\/Kueche-2-768x1024.jpg 768w, https:\/\/lenac-breil.ch\/wp-content\/uploads\/2025\/04\/Kueche-2-225x300.jpg 225w, https:\/\/lenac-breil.ch\/wp-content\/uploads\/2025\/04\/Kueche-2-1152x1536.jpg 1152w, https:\/\/lenac-breil.ch\/wp-content\/uploads\/2025\/04\/Kueche-2.jpg 1200w\" sizes=\"auto, (max-width: 768px) 100vw, 768px\" \/><\/a><\/figure>\n<\/div>\n\n<div class=\"wp-block-image\">\n<figure class=\"aligncenter size-large\"><a href=\"https:\/\/lenac-breil.ch\/wp-content\/uploads\/2025\/04\/Kueche-3.jpg\"><img loading=\"lazy\" decoding=\"async\" width=\"768\" height=\"1024\" src=\"https:\/\/lenac-breil.ch\/wp-content\/uploads\/2025\/04\/Kueche-3-768x1024.jpg\" alt=\"\" class=\"wp-image-2225\" srcset=\"https:\/\/lenac-breil.ch\/wp-content\/uploads\/2025\/04\/Kueche-3-768x1024.jpg 768w, https:\/\/lenac-breil.ch\/wp-content\/uploads\/2025\/04\/Kueche-3-225x300.jpg 225w, https:\/\/lenac-breil.ch\/wp-content\/uploads\/2025\/04\/Kueche-3-1152x1536.jpg 1152w, https:\/\/lenac-breil.ch\/wp-content\/uploads\/2025\/04\/Kueche-3.jpg 1536w\" sizes=\"auto, (max-width: 768px) 100vw, 768px\" \/><\/a><\/figure>\n<\/div>\n\n<div class=\"wp-block-image\">\n<figure class=\"aligncenter size-large\"><a href=\"https:\/\/lenac-breil.ch\/wp-content\/uploads\/2025\/04\/Moebel-.jpg\"><img loading=\"lazy\" decoding=\"async\" width=\"768\" height=\"1024\" src=\"https:\/\/lenac-breil.ch\/wp-content\/uploads\/2025\/04\/Moebel--768x1024.jpg\" alt=\"\" class=\"wp-image-2226\" srcset=\"https:\/\/lenac-breil.ch\/wp-content\/uploads\/2025\/04\/Moebel--768x1024.jpg 768w, https:\/\/lenac-breil.ch\/wp-content\/uploads\/2025\/04\/Moebel--225x300.jpg 225w, https:\/\/lenac-breil.ch\/wp-content\/uploads\/2025\/04\/Moebel--1152x1536.jpg 1152w, https:\/\/lenac-breil.ch\/wp-content\/uploads\/2025\/04\/Moebel-.jpg 1536w\" sizes=\"auto, (max-width: 768px) 100vw, 768px\" \/><\/a><\/figure>\n<\/div>\n\n<div class=\"wp-block-image\">\n<figure class=\"aligncenter size-large\"><a href=\"https:\/\/lenac-breil.ch\/wp-content\/uploads\/2025\/04\/Moebel-3.jpg\"><img loading=\"lazy\" decoding=\"async\" width=\"768\" height=\"1024\" src=\"https:\/\/lenac-breil.ch\/wp-content\/uploads\/2025\/04\/Moebel-3-768x1024.jpg\" alt=\"\" class=\"wp-image-2227\" srcset=\"https:\/\/lenac-breil.ch\/wp-content\/uploads\/2025\/04\/Moebel-3-768x1024.jpg 768w, https:\/\/lenac-breil.ch\/wp-content\/uploads\/2025\/04\/Moebel-3-225x300.jpg 225w, https:\/\/lenac-breil.ch\/wp-content\/uploads\/2025\/04\/Moebel-3-1152x1536.jpg 1152w, https:\/\/lenac-breil.ch\/wp-content\/uploads\/2025\/04\/Moebel-3.jpg 1536w\" sizes=\"auto, (max-width: 768px) 100vw, 768px\" \/><\/a><\/figure>\n<\/div>\n\n<div class=\"wp-block-image\">\n<figure class=\"aligncenter size-large\"><a href=\"https:\/\/lenac-breil.ch\/wp-content\/uploads\/2025\/04\/Wohnen.jpg\"><img loading=\"lazy\" decoding=\"async\" width=\"768\" height=\"1024\" src=\"https:\/\/lenac-breil.ch\/wp-content\/uploads\/2025\/04\/Wohnen-768x1024.jpg\" alt=\"\" class=\"wp-image-2228\" srcset=\"https:\/\/lenac-breil.ch\/wp-content\/uploads\/2025\/04\/Wohnen-768x1024.jpg 768w, https:\/\/lenac-breil.ch\/wp-content\/uploads\/2025\/04\/Wohnen-225x300.jpg 225w, https:\/\/lenac-breil.ch\/wp-content\/uploads\/2025\/04\/Wohnen-1152x1536.jpg 1152w, https:\/\/lenac-breil.ch\/wp-content\/uploads\/2025\/04\/Wohnen.jpg 1200w\" sizes=\"auto, (max-width: 768px) 100vw, 768px\" \/><\/a><\/figure>\n<\/div>","protected":false},"excerpt":{"rendered":"<p>Dieser MFH in Chalet Stil durften wir im Jahr 2023\/2024 umbauen und vergr\u00f6ssern.Die Aussenschalung sowie die Dachkonstruktion wurden in Fichtenholz ausgef\u00fchrt.Zudem wurde das ganze Holz im Aussenbereich eingebrannt, Im Innenbereich wurden die Holzarten, Fichte und Eiche verwendet.F\u00fcr die Wandverkleidung in &hellip; <a href=\"https:\/\/lenac-breil.ch\/?page_id=2216\">Weiterlesen <span class=\"meta-nav\">&rarr;<\/span><\/a><\/p>\n","protected":false},"author":3,"featured_media":1602,"parent":1302,"menu_order":0,"comment_status":"closed","ping_status":"closed","template":"","meta":{"footnotes":""},"class_list":["post-2216","page","type-page","status-publish","has-post-thumbnail","hentry"],"_links":{"self":[{"href":"https:\/\/lenac-breil.ch\/index.php?rest_route=\/wp\/v2\/pages\/2216","targetHints":{"allow":["GET"]}}],"collection":[{"href":"https:\/\/lenac-breil.ch\/index.php?rest_route=\/wp\/v2\/pages"}],"about":[{"href":"https:\/\/lenac-breil.ch\/index.php?rest_route=\/wp\/v2\/types\/page"}],"author":[{"embeddable":true,"href":"https:\/\/lenac-breil.ch\/index.php?rest_route=\/wp\/v2\/users\/3"}],"replies":[{"embeddable":true,"href":"https:\/\/lenac-breil.ch\/index.php?rest_route=%2Fwp%2Fv2%2Fcomments&post=2216"}],"version-history":[{"count":1,"href":"https:\/\/lenac-breil.ch\/index.php?rest_route=\/wp\/v2\/pages\/2216\/revisions"}],"predecessor-version":[{"id":2230,"href":"https:\/\/lenac-breil.ch\/index.php?rest_route=\/wp\/v2\/pages\/2216\/revisions\/2230"}],"up":[{"embeddable":true,"href":"https:\/\/lenac-breil.ch\/index.php?rest_route=\/wp\/v2\/pages\/1302"}],"wp:featuredmedia":[{"embeddable":true,"href":"https:\/\/lenac-breil.ch\/index.php?rest_route=\/wp\/v2\/media\/1602"}],"wp:attachment":[{"href":"https:\/\/lenac-breil.ch\/index.php?rest_route=%2Fwp%2Fv2%2Fmedia&parent=2216"}],"curies":[{"name":"wp","href":"https:\/\/api.w.org\/{rel}","templated":true}]}}

<p>Dieser MFH in Chalet Stil durften wir im Jahr 2023/2024 umbauen und vergrössern.<br>Die Aussenschalung sowie die Dachkonstruktion wurden in Fichtenholz ausgeführt.<br>Zudem wurde das ganze Holz im Aussenbereich eingebrannt, Im Innenbereich wurden die Holzarten, Fichte und Eiche verwendet.<br>Für die Wandverkleidung in den Nasszellen wurden HPL-Platten verwendet<br>Etwas wohl Einzigartiges ist die verbaute Küche mit integrierten Pizza Ofen.<br>Das ganze Haus wurde mit Einbaumöbel ausgestatten, so konnte der Platz optimal ausgenutzt werden.</p>



<p><strong>Unsere Leistungen:</strong> Planung, Holzbauarbeiten, Fenster, Innenausbau, Möbel und Türen, Küchenbau, Holzboden</p>


<div class="wp-block-image">
<figure class="aligncenter size-large"><a href="https://lenac-breil.ch/wp-content/uploads/2025/04/Badewanne.jpg"><img loading="lazy" decoding="async" width="768" height="1024" src="https://lenac-breil.ch/wp-content/uploads/2025/04/Badewanne-768x1024.jpg" alt="" class="wp-image-2217" srcset="https://lenac-breil.ch/wp-content/uploads/2025/04/Badewanne-768x1024.jpg 768w, https://lenac-breil.ch/wp-content/uploads/2025/04/Badewanne-225x300.jpg 225w, https://lenac-breil.ch/wp-content/uploads/2025/04/Badewanne-1152x1536.jpg 1152w, https://lenac-breil.ch/wp-content/uploads/2025/04/Badewanne.jpg 1536w" sizes="auto, (max-width: 768px) 100vw, 768px" /></a></figure>
</div>


<div class="wp-block-cover aligncenter is-light"><span aria-hidden="true" class="wp-block-cover__background has-background-dim" style="background-color:#8f8475"></span><img loading="lazy" decoding="async" width="1536" height="2048" class="wp-block-cover__image-background wp-image-2218" alt="" src="https://lenac-breil.ch/wp-content/uploads/2025/04/Badzimmermoebel.jpg" data-object-fit="cover" srcset="https://lenac-breil.ch/wp-content/uploads/2025/04/Badzimmermoebel.jpg 1536w, https://lenac-breil.ch/wp-content/uploads/2025/04/Badzimmermoebel-225x300.jpg 225w, https://lenac-breil.ch/wp-content/uploads/2025/04/Badzimmermoebel-768x1024.jpg 768w, https://lenac-breil.ch/wp-content/uploads/2025/04/Badzimmermoebel-1152x1536.jpg 1152w" sizes="auto, (max-width: 1536px) 100vw, 1536px" /><div class="wp-block-cover__inner-container is-layout-flow wp-block-cover-is-layout-flow">
<p></p>
</div></div>


<div class="wp-block-image">
<figure class="aligncenter size-large"><a href="https://lenac-breil.ch/wp-content/uploads/2025/04/Detail-1.jpg"><img loading="lazy" decoding="async" width="768" height="1024" src="https://lenac-breil.ch/wp-content/uploads/2025/04/Detail-1-768x1024.jpg" alt="" class="wp-image-2219" srcset="https://lenac-breil.ch/wp-content/uploads/2025/04/Detail-1-768x1024.jpg 768w, https://lenac-breil.ch/wp-content/uploads/2025/04/Detail-1-225x300.jpg 225w, https://lenac-breil.ch/wp-content/uploads/2025/04/Detail-1-1152x1536.jpg 1152w, https://lenac-breil.ch/wp-content/uploads/2025/04/Detail-1.jpg 1200w" sizes="auto, (max-width: 768px) 100vw, 768px" /></a></figure>
</div>

<div class="wp-block-image">
<figure class="aligncenter size-large"><a href="https://lenac-breil.ch/wp-content/uploads/2025/04/Dusche.jpg"><img loading="lazy" decoding="async" width="768" height="1024" src="https://lenac-breil.ch/wp-content/uploads/2025/04/Dusche-768x1024.jpg" alt="" class="wp-image-2220" srcset="https://lenac-breil.ch/wp-content/uploads/2025/04/Dusche-768x1024.jpg 768w, https://lenac-breil.ch/wp-content/uploads/2025/04/Dusche-225x300.jpg 225w, https://lenac-breil.ch/wp-content/uploads/2025/04/Dusche-1152x1536.jpg 1152w, https://lenac-breil.ch/wp-content/uploads/2025/04/Dusche.jpg 1536w" sizes="auto, (max-width: 768px) 100vw, 768px" /></a></figure>
</div>

<div class="wp-block-image">
<figure class="aligncenter size-large"><a href="https://lenac-breil.ch/wp-content/uploads/2025/04/Garderobe-1.jpg"><img loading="lazy" decoding="async" width="768" height="1024" src="https://lenac-breil.ch/wp-content/uploads/2025/04/Garderobe-1-768x1024.jpg" alt="" class="wp-image-2221" srcset="https://lenac-breil.ch/wp-content/uploads/2025/04/Garderobe-1-768x1024.jpg 768w, https://lenac-breil.ch/wp-content/uploads/2025/04/Garderobe-1-225x300.jpg 225w, https://lenac-breil.ch/wp-content/uploads/2025/04/Garderobe-1-1152x1536.jpg 1152w, https://lenac-breil.ch/wp-content/uploads/2025/04/Garderobe-1.jpg 1200w" sizes="auto, (max-width: 768px) 100vw, 768px" /></a></figure>
</div>

<div class="wp-block-image">
<figure class="aligncenter size-large"><a href="https://lenac-breil.ch/wp-content/uploads/2025/04/Garderobe.jpg"><img loading="lazy" decoding="async" width="768" height="1024" src="https://lenac-breil.ch/wp-content/uploads/2025/04/Garderobe-768x1024.jpg" alt="" class="wp-image-2222" srcset="https://lenac-breil.ch/wp-content/uploads/2025/04/Garderobe-768x1024.jpg 768w, https://lenac-breil.ch/wp-content/uploads/2025/04/Garderobe-225x300.jpg 225w, https://lenac-breil.ch/wp-content/uploads/2025/04/Garderobe-1152x1536.jpg 1152w, https://lenac-breil.ch/wp-content/uploads/2025/04/Garderobe.jpg 1200w" sizes="auto, (max-width: 768px) 100vw, 768px" /></a></figure>
</div>

<div class="wp-block-image">
<figure class="aligncenter size-large"><a href="https://lenac-breil.ch/wp-content/uploads/2025/04/Kueche-1.jpg"><img loading="lazy" decoding="async" width="768" height="1024" src="https://lenac-breil.ch/wp-content/uploads/2025/04/Kueche-1-768x1024.jpg" alt="" class="wp-image-2223" srcset="https://lenac-breil.ch/wp-content/uploads/2025/04/Kueche-1-768x1024.jpg 768w, https://lenac-breil.ch/wp-content/uploads/2025/04/Kueche-1-225x300.jpg 225w, https://lenac-breil.ch/wp-content/uploads/2025/04/Kueche-1-1152x1536.jpg 1152w, https://lenac-breil.ch/wp-content/uploads/2025/04/Kueche-1.jpg 1200w" sizes="auto, (max-width: 768px) 100vw, 768px" /></a></figure>
</div>

<div class="wp-block-image">
<figure class="aligncenter size-large"><a href="https://lenac-breil.ch/wp-content/uploads/2025/04/Kueche-2.jpg"><img loading="lazy" decoding="async" width="768" height="1024" src="https://lenac-breil.ch/wp-content/uploads/2025/04/Kueche-2-768x1024.jpg" alt="" class="wp-image-2224" srcset="https://lenac-breil.ch/wp-content/uploads/2025/04/Kueche-2-768x1024.jpg 768w, https://lenac-breil.ch/wp-content/uploads/2025/04/Kueche-2-225x300.jpg 225w, https://lenac-breil.ch/wp-content/uploads/2025/04/Kueche-2-1152x1536.jpg 1152w, https://lenac-breil.ch/wp-content/uploads/2025/04/Kueche-2.jpg 1200w" sizes="auto, (max-width: 768px) 100vw, 768px" /></a></figure>
</div>

<div class="wp-block-image">
<figure class="aligncenter size-large"><a href="https://lenac-breil.ch/wp-content/uploads/2025/04/Kueche-3.jpg"><img loading="lazy" decoding="async" width="768" height="1024" src="https://lenac-breil.ch/wp-content/uploads/2025/04/Kueche-3-768x1024.jpg" alt="" class="wp-image-2225" srcset="https://lenac-breil.ch/wp-content/uploads/2025/04/Kueche-3-768x1024.jpg 768w, https://lenac-breil.ch/wp-content/uploads/2025/04/Kueche-3-225x300.jpg 225w, https://lenac-breil.ch/wp-content/uploads/2025/04/Kueche-3-1152x1536.jpg 1152w, https://lenac-breil.ch/wp-content/uploads/2025/04/Kueche-3.jpg 1536w" sizes="auto, (max-width: 768px) 100vw, 768px" /></a></figure>
</div>

<div class="wp-block-image">
<figure class="aligncenter size-large"><a href="https://lenac-breil.ch/wp-content/uploads/2025/04/Moebel-.jpg"><img loading="lazy" decoding="async" width="768" height="1024" src="https://lenac-breil.ch/wp-content/uploads/2025/04/Moebel--768x1024.jpg" alt="" class="wp-image-2226" srcset="https://lenac-breil.ch/wp-content/uploads/2025/04/Moebel--768x1024.jpg 768w, https://lenac-breil.ch/wp-content/uploads/2025/04/Moebel--225x300.jpg 225w, https://lenac-breil.ch/wp-content/uploads/2025/04/Moebel--1152x1536.jpg 1152w, https://lenac-breil.ch/wp-content/uploads/2025/04/Moebel-.jpg 1536w" sizes="auto, (max-width: 768px) 100vw, 768px" /></a></figure>
</div>

<div class="wp-block-image">
<figure class="aligncenter size-large"><a href="https://lenac-breil.ch/wp-content/uploads/2025/04/Moebel-3.jpg"><img loading="lazy" decoding="async" width="768" height="1024" src="https://lenac-breil.ch/wp-content/uploads/2025/04/Moebel-3-768x1024.jpg" alt="" class="wp-image-2227" srcset="https://lenac-breil.ch/wp-content/uploads/2025/04/Moebel-3-768x1024.jpg 768w, https://lenac-breil.ch/wp-content/uploads/2025/04/Moebel-3-225x300.jpg 225w, https://lenac-breil.ch/wp-content/uploads/2025/04/Moebel-3-1152x1536.jpg 1152w, https://lenac-breil.ch/wp-content/uploads/2025/04/Moebel-3.jpg 1536w" sizes="auto, (max-width: 768px) 100vw, 768px" /></a></figure>
</div>

<div class="wp-block-image">
<figure class="aligncenter size-large"><a href="https://lenac-breil.ch/wp-content/uploads/2025/04/Wohnen.jpg"><img loading="lazy" decoding="async" width="768" height="1024" src="https://lenac-breil.ch/wp-content/uploads/2025/04/Wohnen-768x1024.jpg" alt="" class="wp-image-2228" srcset="https://lenac-breil.ch/wp-content/uploads/2025/04/Wohnen-768x1024.jpg 768w, https://lenac-breil.ch/wp-content/uploads/2025/04/Wohnen-225x300.jpg 225w, https://lenac-breil.ch/wp-content/uploads/2025/04/Wohnen-1152x1536.jpg 1152w, https://lenac-breil.ch/wp-content/uploads/2025/04/Wohnen.jpg 1200w" sizes="auto, (max-width: 768px) 100vw, 768px" /></a></figure>
</div>

<p>Dieser MFH in Chalet Stil durften wir im Jahr 2023/2024 umbauen und vergrössern.Die Aussenschalung sowie die Dachkonstruktion wurden in Fichtenholz ausgeführt.Zudem wurde das ganze Holz im Aussenbereich eingebrannt, Im Innenbereich wurden die Holzarten, Fichte und Eiche verwendet.Für die Wandverkleidung in &hellip; <a href="https://lenac-breil.ch/?page_id=2216">Weiterlesen <span class="meta-nav">&rarr;</span></a></p>
