{"id":6,"date":"2015-04-16T22:53:27","date_gmt":"2015-04-16T20:53:27","guid":{"rendered":"http:\/\/lenac-breil.ch\/?page_id=6"},"modified":"2025-03-31T16:50:50","modified_gmt":"2025-03-31T14:50:50","slug":"home","status":"publish","type":"page","link":"https:\/\/lenac-breil.ch\/","title":{"rendered":"Home"},"content":{"rendered":"<figure class=\"wp-block-image\"><img decoding=\"async\" style=\"width: 100%; height: 100%;\" src=\"https:\/\/lenac-breil.ch\/wp-content\/uploads\/2015\/11\/logo-lenac1.jpg\" alt=\"\" \/><\/figure>\n<div id=\"text-right\" style=\"float: right;\">\n<p class=\"has-text-align-justify has-medium-font-size\">Die Herstellung einer Inneneinrichtung hat mit Gef\u00fchl zu tun. Es braucht mehr als nur handwerkliches K\u00f6nnen und Geschick. Es braucht besonders ein gutes Auge, Vorstellungsverm\u00f6gen aber auch Erfahrung. Zudem Sinn f\u00fcr \u00c4sthetik, Farben, Formen, Design und Materialien. Aber auch das fachliche Wissen \u00fcber die richtigen Verarbeitungstechniken. Qualit\u00e4tsprodukte, damit auch Sie sich lange daran erfreuen k\u00f6nnen. Gerne sind wir auch in Zukunft f\u00fcr Sie der kompetente Partner, wenn es darum geht, bauliche Vorhaben im Holzbau nach Ihren W\u00fcnschen und Bed\u00fcrfnissen zu realisieren. Ein pers\u00f6nlicher Kontakt freut uns jederzeit, sei es telefonisch, bei einem Besuch bei Ihnen vor Ort oder bei uns in Brigels.<\/p>\n<p class=\"has-medium-font-size\">Othmar Capaul und Team<\/p>\n<h2><a href=\"https:\/\/lenac-breil.ch\/wp-content\/uploads\/2025\/03\/Plazza.pdf\" target=\"_blank\" rel=\"noopener\">Offene Stelle<\/a><\/h2>\n<\/div>\n<div id=\"text-left\" style=\"float: left; margin-top: 10px; margin-left: -190px; border-right: 1px solid black;\">\n<figure class=\"wp-block-image is-resized\"><a href=\"http:\/\/www.berufsbildungplus.ch\/\" target=\"_blank\" rel=\"noreferrer noopener\"><img loading=\"lazy\" decoding=\"async\" class=\"wp-image-196\" src=\"https:\/\/lenac-breil.ch\/wp-content\/uploads\/2015\/04\/Lehrlinge-2014_LOGO-300x300.jpg\" alt=\"Lehrlinge-2014_LOGO\" width=\"157\" height=\"157\" srcset=\"https:\/\/lenac-breil.ch\/wp-content\/uploads\/2015\/04\/Lehrlinge-2014_LOGO-300x300.jpg 300w, https:\/\/lenac-breil.ch\/wp-content\/uploads\/2015\/04\/Lehrlinge-2014_LOGO-150x150.jpg 150w, https:\/\/lenac-breil.ch\/wp-content\/uploads\/2015\/04\/Lehrlinge-2014_LOGO-1024x1024.jpg 1024w\" sizes=\"auto, (max-width: 157px) 100vw, 157px\" \/><\/a><\/figure>\n<figure class=\"wp-block-image is-resized\"><a href=\"http:\/\/www.egokiefer.ch\/\" target=\"_blank\" rel=\"noreferrer noopener\"><img loading=\"lazy\" decoding=\"async\" class=\"wp-image-197\" src=\"https:\/\/lenac-breil.ch\/wp-content\/uploads\/2015\/04\/1344344732-EgoKiefer-300x84.gif\" alt=\"1344344732-EgoKiefer\" width=\"170\" height=\"70\" \/><\/a><\/figure>\n<p>Lenac GmbH<br \/>\nSchreinerei<br \/>\nVia Palius 7<br \/>\nCH-7165 Breil\/Brigels<br \/>\nTel. <a href=\"tel:+41819362324\">081 936 23 24<\/a><br \/>\nFax. 081 936 23 25<br \/>\ninfo@lenac-breil.ch<br \/>\nMo &#8211; Fr: 07 bis 17 Uhr<\/p>\n<\/div>\n","protected":false},"excerpt":{"rendered":"<p>Die Herstellung einer Inneneinrichtung hat mit Gef\u00fchl zu tun. Es braucht mehr als nur handwerkliches K\u00f6nnen und Geschick. Es braucht besonders ein gutes Auge, Vorstellungsverm\u00f6gen aber auch Erfahrung. Zudem Sinn f\u00fcr \u00c4sthetik, Farben, Formen, Design und Materialien. Aber auch das &hellip; <a href=\"https:\/\/lenac-breil.ch\/\">Weiterlesen <span class=\"meta-nav\">&rarr;<\/span><\/a><\/p>\n","protected":false},"author":1,"featured_media":0,"parent":0,"menu_order":0,"comment_status":"closed","ping_status":"closed","template":"","meta":{"footnotes":""},"class_list":["post-6","page","type-page","status-publish","hentry"],"_links":{"self":[{"href":"https:\/\/lenac-breil.ch\/index.php?rest_route=\/wp\/v2\/pages\/6","targetHints":{"allow":["GET"]}}],"collection":[{"href":"https:\/\/lenac-breil.ch\/index.php?rest_route=\/wp\/v2\/pages"}],"about":[{"href":"https:\/\/lenac-breil.ch\/index.php?rest_route=\/wp\/v2\/types\/page"}],"author":[{"embeddable":true,"href":"https:\/\/lenac-breil.ch\/index.php?rest_route=\/wp\/v2\/users\/1"}],"replies":[{"embeddable":true,"href":"https:\/\/lenac-breil.ch\/index.php?rest_route=%2Fwp%2Fv2%2Fcomments&post=6"}],"version-history":[{"count":10,"href":"https:\/\/lenac-breil.ch\/index.php?rest_route=\/wp\/v2\/pages\/6\/revisions"}],"predecessor-version":[{"id":2200,"href":"https:\/\/lenac-breil.ch\/index.php?rest_route=\/wp\/v2\/pages\/6\/revisions\/2200"}],"wp:attachment":[{"href":"https:\/\/lenac-breil.ch\/index.php?rest_route=%2Fwp%2Fv2%2Fmedia&parent=6"}],"curies":[{"name":"wp","href":"https:\/\/api.w.org\/{rel}","templated":true}]}}

<figure class="wp-block-image"><img decoding="async" style="width: 100%; height: 100%;" src="https://lenac-breil.ch/wp-content/uploads/2015/11/logo-lenac1.jpg" alt="" /></figure>
<div id="text-right" style="float: right;">
<p class="has-text-align-justify has-medium-font-size">Die Herstellung einer Inneneinrichtung hat mit Gefühl zu tun. Es braucht mehr als nur handwerkliches Können und Geschick. Es braucht besonders ein gutes Auge, Vorstellungsvermögen aber auch Erfahrung. Zudem Sinn für Ästhetik, Farben, Formen, Design und Materialien. Aber auch das fachliche Wissen über die richtigen Verarbeitungstechniken. Qualitätsprodukte, damit auch Sie sich lange daran erfreuen können. Gerne sind wir auch in Zukunft für Sie der kompetente Partner, wenn es darum geht, bauliche Vorhaben im Holzbau nach Ihren Wünschen und Bedürfnissen zu realisieren. Ein persönlicher Kontakt freut uns jederzeit, sei es telefonisch, bei einem Besuch bei Ihnen vor Ort oder bei uns in Brigels.</p>
<p class="has-medium-font-size">Othmar Capaul und Team</p>
<h2><a href="https://lenac-breil.ch/wp-content/uploads/2025/03/Plazza.pdf" target="_blank" rel="noopener">Offene Stelle</a></h2>
</div>
<div id="text-left" style="float: left; margin-top: 10px; margin-left: -190px; border-right: 1px solid black;">
<figure class="wp-block-image is-resized"><a href="http://www.berufsbildungplus.ch/" target="_blank" rel="noreferrer noopener"><img loading="lazy" decoding="async" class="wp-image-196" src="https://lenac-breil.ch/wp-content/uploads/2015/04/Lehrlinge-2014_LOGO-300x300.jpg" alt="Lehrlinge-2014_LOGO" width="157" height="157" srcset="https://lenac-breil.ch/wp-content/uploads/2015/04/Lehrlinge-2014_LOGO-300x300.jpg 300w, https://lenac-breil.ch/wp-content/uploads/2015/04/Lehrlinge-2014_LOGO-150x150.jpg 150w, https://lenac-breil.ch/wp-content/uploads/2015/04/Lehrlinge-2014_LOGO-1024x1024.jpg 1024w" sizes="auto, (max-width: 157px) 100vw, 157px" /></a></figure>
<figure class="wp-block-image is-resized"><a href="http://www.egokiefer.ch/" target="_blank" rel="noreferrer noopener"><img loading="lazy" decoding="async" class="wp-image-197" src="https://lenac-breil.ch/wp-content/uploads/2015/04/1344344732-EgoKiefer-300x84.gif" alt="1344344732-EgoKiefer" width="170" height="70" /></a></figure>
<p>Lenac GmbH<br />
Schreinerei<br />
Via Palius 7<br />
CH-7165 Breil/Brigels<br />
Tel. <a href="tel:+41819362324">081 936 23 24</a><br />
Fax. 081 936 23 25<br />
info@lenac-breil.ch<br />
Mo &#8211; Fr: 07 bis 17 Uhr</p>
</div>

<p>Die Herstellung einer Inneneinrichtung hat mit Gefühl zu tun. Es braucht mehr als nur handwerkliches Können und Geschick. Es braucht besonders ein gutes Auge, Vorstellungsvermögen aber auch Erfahrung. Zudem Sinn für Ästhetik, Farben, Formen, Design und Materialien. Aber auch das &hellip; <a href="https://lenac-breil.ch/">Weiterlesen <span class="meta-nav">&rarr;</span></a></p>
